{"id":34,"date":"2021-08-29T20:49:16","date_gmt":"2021-08-29T18:49:16","guid":{"rendered":"http:\/\/proxima.biz.pl\/?page_id=34"},"modified":"2021-08-29T20:49:16","modified_gmt":"2021-08-29T18:49:16","slug":"kontakt","status":"publish","type":"page","link":"http:\/\/proxima.biz.pl\/index.php\/kontakt\/","title":{"rendered":"Kontakt"},"content":{"rendered":"<p>Moja firma ma <a href=\"http:\/\/proxima.biz.pl\/kontakt\/kontakt-centrum-odzywiania-i-odchudzania\/\">siedzib\u0119 w Szyd\u0142owcu<\/a>, gdzie znajduje si\u0119 klub <a href=\"https:\/\/www.facebook.com\/KlubSzydlowiec\/\">Klub Zdrowego Trybu \u017bycia<\/a> oraz <a href=\"http:\/\/proxima.biz.pl\/kontakt\/kontakt-siedziba\/\">siedzib\u0119 rejestrow\u0105<\/a>, gdzie znajduje si\u0119 biuro.<\/p>\n","protected":false},"excerpt":{"rendered":"<p>Moja firma ma siedzib\u0119 w Szyd\u0142owcu, gdzie znajduje si\u0119 klub Klub Zdrowego Trybu \u017bycia oraz siedzib\u0119 rejestrow\u0105, gdzie znajduje si\u0119 biuro.<\/p>\n","protected":false},"author":1,"featured_media":0,"parent":0,"menu_order":99,"comment_status":"closed","ping_status":"closed","template":"","meta":{"footnotes":""},"class_list":["post-34","page","type-page","status-publish","hentry"],"_links":{"self":[{"href":"http:\/\/proxima.biz.pl\/index.php\/wp-json\/wp\/v2\/pages\/34","targetHints":{"allow":["GET"]}}],"collection":[{"href":"http:\/\/proxima.biz.pl\/index.php\/wp-json\/wp\/v2\/pages"}],"about":[{"href":"http:\/\/proxima.biz.pl\/index.php\/wp-json\/wp\/v2\/types\/page"}],"author":[{"embeddable":true,"href":"http:\/\/proxima.biz.pl\/index.php\/wp-json\/wp\/v2\/users\/1"}],"replies":[{"embeddable":true,"href":"http:\/\/proxima.biz.pl\/index.php\/wp-json\/wp\/v2\/comments?post=34"}],"version-history":[{"count":1,"href":"http:\/\/proxima.biz.pl\/index.php\/wp-json\/wp\/v2\/pages\/34\/revisions"}],"predecessor-version":[{"id":35,"href":"http:\/\/proxima.biz.pl\/index.php\/wp-json\/wp\/v2\/pages\/34\/revisions\/35"}],"wp:attachment":[{"href":"http:\/\/proxima.biz.pl\/index.php\/wp-json\/wp\/v2\/media?parent=34"}],"curies":[{"name":"wp","href":"https:\/\/api.w.org\/{rel}","templated":true}]}}